{"id":2316,"date":"2024-02-27T20:49:57","date_gmt":"2024-02-27T19:49:57","guid":{"rendered":"https:\/\/zlobkigo.hosting24.pl\/dwojka\/?page_id=2316"},"modified":"2026-04-01T10:59:28","modified_gmt":"2026-04-01T08:59:28","slug":"oplaty","status":"publish","type":"page","link":"https:\/\/zlobkigo.hosting24.pl\/dwojka\/oplaty\/","title":{"rendered":"Op\u0142aty"},"content":{"rendered":"\t\t<div data-elementor-type=\"wp-page\" data-elementor-id=\"2316\" class=\"elementor elementor-2316\" data-elementor-post-type=\"page\">\n\t\t\t\t<div class=\"elementor-element elementor-element-0a11ef2 e-flex e-con-boxed e-con e-parent\" data-id=\"0a11ef2\" data-element_type=\"container\" data-e-type=\"container\">\n\t\t\t\t\t<div class=\"e-con-inner\">\n\t\t\t\t<div class=\"elementor-element elementor-element-a6352b1 elementor-widget elementor-widget-text-editor\" data-id=\"a6352b1\" data-element_type=\"widget\" data-e-type=\"widget\" data-widget_type=\"text-editor.default\">\n\t\t\t\t<div class=\"elementor-widget-container\">\n\t\t\t\t\t\t\t\t\t<p style=\"text-align: center;\"><strong>Wz\u00f3r:<\/strong><\/p>\t\t\t\t\t\t\t\t<\/div>\n\t\t\t\t<\/div>\n\t\t\t\t<div class=\"elementor-element elementor-element-e8b213d elementor-widget elementor-widget-text-editor\" data-id=\"e8b213d\" data-element_type=\"widget\" data-e-type=\"widget\" data-widget_type=\"text-editor.default\">\n\t\t\t\t<div class=\"elementor-widget-container\">\n\t\t\t\t\t\t\t\t\t<p><strong>DRODZY RODZICE \/ OPIEKUNOWIE<\/strong><\/p><p><span style=\"color: var( --e-global-color-text ); font-family: var( --e-global-typography-text-font-family ), Sans-serif; font-weight: var( --e-global-typography-text-font-weight ); text-align: var(--text-align); font-size: inherit;\">W zak\u0142adce OP\u0141ATY w terminie do 5-go dnia ka\u017cdego miesi\u0105ca publikujemy wysoko\u015b\u0107 op\u0142at za \u017c\u0142obek dla poszczeg\u00f3lnych grup.<\/span><\/p><p>Ka\u017cdemu dziecku zosta\u0142 przydzielony indywidualny numer.<\/p><p>Op\u0142aty przyjmowane b\u0119d\u0105 wy\u0142\u0105cznie w formie przelew\u00f3w.<\/p><p>Poni\u017cej zamieszczony jest wz\u00f3r prawid\u0142owo wykonanego przelewu.<\/p><p>Prosimy o przelewanie dok\u0142adnie takich kwot, jakie s\u0105 podawane w comiesi\u0119cznych wykazach, kt\u00f3re mo\u017cna znale\u017a\u0107 na naszej stronie internetowej \u2013 w zak\u0142adce op\u0142aty, na tablicy og\u0142osze\u0144 w danej grupie lub bezpo\u015brednio u Intendenta.<\/p><p>Op\u0142at\u0119 nale\u017cy ui\u015bci\u0107 w terminie do\u00a0<strong>15-go<\/strong>\u00a0dnia ka\u017cdego miesi\u0105ca.<\/p><p><span style=\"color: #ff0000;\"><strong>ZA NIETERMINOWE WP\u0141ATY NALICZANE S\u0104 ODSETKI !!!<\/strong><\/span><\/p>\t\t\t\t\t\t\t\t<\/div>\n\t\t\t\t<\/div>\n\t\t\t\t<div class=\"elementor-element elementor-element-b142e7e elementor-widget elementor-widget-html\" data-id=\"b142e7e\" data-element_type=\"widget\" data-e-type=\"widget\" data-widget_type=\"html.default\">\n\t\t\t\t<div class=\"elementor-widget-container\">\n\t\t\t\t\t<table border=\"1\" cellspacing=\"1\" cellpadding=\"1\">\r\n  <tbody>\r\n    <tr>\r\n      <td>Odbiorca:<\/td>\r\n    <\/tr>\r\n    <tr>\r\n      <td>\u017b\u0142obek Miejski Nr 2, ul. Obotrycka 1, 66-400 Gorz\u00f3w Wielkopolski<\/td>\r\n    <\/tr>\r\n    <tr>\r\n      <td>Konto Nr: 51 1020 1954 0000 7402 0174 7906<\/td>\r\n    <\/tr>\r\n    <tr>\r\n      <td>Tytu\u0142em: Nazwisko i imi\u0119 dziecka\/dany miesi\u0105c), P \u2013 (pobyt) \u2026\u2026.. z\u0142, \u017b \u2013 (\u017cywienie) \u2026\u2026. z\u0142.<\/td>\r\n    <\/tr>\r\n  <\/tbody>\r\n<\/table>\r\n\t\t\t\t<\/div>\n\t\t\t\t<\/div>\n\t\t\t\t<div class=\"elementor-element elementor-element-90b9019 elementor-widget elementor-widget-text-editor\" data-id=\"90b9019\" data-element_type=\"widget\" data-e-type=\"widget\" data-widget_type=\"text-editor.default\">\n\t\t\t\t<div class=\"elementor-widget-container\">\n\t\t\t\t\t\t\t\t\t<p style=\"text-align: center;\"><strong>Przyk\u0142ad:<\/strong><\/p>\t\t\t\t\t\t\t\t<\/div>\n\t\t\t\t<\/div>\n\t\t\t\t<div class=\"elementor-element elementor-element-4781dca elementor-widget elementor-widget-html\" data-id=\"4781dca\" data-element_type=\"widget\" data-e-type=\"widget\" data-widget_type=\"html.default\">\n\t\t\t\t<div class=\"elementor-widget-container\">\n\t\t\t\t\t<table border=\"1\" cellspacing=\"1\" cellpadding=\"1\">\r\n  <tbody>\r\n    <tr>\r\n      <td>\u017b\u0142obek Miejski Nr 2, ul. Obotrycka 1, 66-400 Gorz\u00f3w Wielkopolski<\/td>\r\n    <\/tr>\r\n    <tr>\r\n      <td>Konto Nr: 51 1020 1954 0000 7402 0174 7906<\/td>\r\n    <\/tr>\r\n    <tr>\r\n      <td>Tytu\u0142em: Nazwisko i imi\u0119 dziecka\/ 10, P \u2013 1.500,00 z\u0142, \u017b \u2013 100,00 z\u0142.<\/td>\r\n    <\/tr>\r\n  <\/tbody>\r\n<\/table>\r\n\t\t\t\t<\/div>\n\t\t\t\t<\/div>\n\t\t\t\t<div class=\"elementor-element elementor-element-bedc524 elementor-widget elementor-widget-text-editor\" data-id=\"bedc524\" data-element_type=\"widget\" data-e-type=\"widget\" data-widget_type=\"text-editor.default\">\n\t\t\t\t<div class=\"elementor-widget-container\">\n\t\t\t\t\t\t\t\t\t<p style=\"text-align: center;\">Tytu\u0142em: Nazwisko i imi\u0119 dziecka \/ miesi\u0105c,<\/p>\n<p style=\"text-align: center;\">P -(pobyt) \u2026\u2026.. z\u0142, \u017b -(\u017cywienie) \u2026\u2026. z\u0142.<\/p>\t\t\t\t\t\t\t\t<\/div>\n\t\t\t\t<\/div>\n\t\t\t\t\t<\/div>\n\t\t\t\t<\/div>\n\t\t<div class=\"elementor-element elementor-element-e739c00 e-flex e-con-boxed e-con e-parent\" data-id=\"e739c00\" data-element_type=\"container\" data-e-type=\"container\">\n\t\t\t\t\t<div class=\"e-con-inner\">\n\t\t<div class=\"elementor-element elementor-element-1aeca63 e-con-full e-flex e-con e-child\" data-id=\"1aeca63\" data-element_type=\"container\" data-e-type=\"container\">\n\t\t\t\t<div class=\"elementor-element elementor-element-f38fb9e elementor-widget elementor-widget-text-editor\" data-id=\"f38fb9e\" data-element_type=\"widget\" data-e-type=\"widget\" data-widget_type=\"text-editor.default\">\n\t\t\t\t<div class=\"elementor-widget-container\">\n\t\t\t\t\t\t\t\t\t<p style=\"text-align: center;\"><strong>OP\u0141AT ZA \u017b\u0141OBEK DOKONUJEMY DO 15 DNIA MIESI\u0104CA!<\/strong><\/p><p style=\"text-align: center;\">\u00a0<\/p>\t\t\t\t\t\t\t\t<\/div>\n\t\t\t\t<\/div>\n\t\t\t\t<\/div>\n\t\t<div class=\"elementor-element elementor-element-39a3118 e-con-full e-flex e-con e-child\" data-id=\"39a3118\" data-element_type=\"container\" data-e-type=\"container\">\n\t\t\t\t<div class=\"elementor-element elementor-element-693568f elementor-widget elementor-widget-text-editor\" data-id=\"693568f\" data-element_type=\"widget\" data-e-type=\"widget\" data-widget_type=\"text-editor.default\">\n\t\t\t\t<div class=\"elementor-widget-container\">\n\t\t\t\t\t\t\t\t\t<p style=\"text-align: center;\"><strong>OP\u0141ATY za kwiecie\u0144 2026r.:<\/strong><\/p><p style=\"text-align: center;\">Grupa I :<a href=\"https:\/\/zlobkigo.hosting24.pl\/dwojka\/wp-content\/uploads\/2026\/04\/GRUPA-I-oplaty-kwiecien-2026.pdf\">GRUPA I op\u0142aty kwiecie\u0144 2026<\/a><\/p><p style=\"text-align: center;\">Grupa II:<a href=\"https:\/\/zlobkigo.hosting24.pl\/dwojka\/wp-content\/uploads\/2026\/04\/GRUPA-II-oplaty-kwiecien-2026-.pdf\">GRUPA II op\u0142aty kwiecie\u0144 2026<\/a><\/p><p style=\"text-align: center;\">Grupa III:<a href=\"https:\/\/zlobkigo.hosting24.pl\/dwojka\/wp-content\/uploads\/2026\/04\/GRUPA-III-oplaty-kwiecen-2026.pdf\">GRUPA III op\u0142aty kwiece\u0144 2026<\/a><\/p><p style=\"text-align: center;\">Grupa IV:<a href=\"https:\/\/zlobkigo.hosting24.pl\/dwojka\/wp-content\/uploads\/2026\/04\/GRUPA-IV-oplaty-kwiecien-2026.pdf\">GRUPA IV op\u0142aty kwiecie\u0144 2026<\/a><\/p>\t\t\t\t\t\t\t\t<\/div>\n\t\t\t\t<\/div>\n\t\t\t\t<\/div>\n\t\t\t\t\t<\/div>\n\t\t\t\t<\/div>\n\t\t<div class=\"elementor-element elementor-element-5737be2 e-flex e-con-boxed e-con e-parent\" data-id=\"5737be2\" data-element_type=\"container\" data-e-type=\"container\">\n\t\t\t\t\t<div class=\"e-con-inner\">\n\t\t<div class=\"elementor-element elementor-element-6a7eae0 e-con-full e-flex e-con e-child\" data-id=\"6a7eae0\" data-element_type=\"container\" data-e-type=\"container\">\n\t\t\t\t<\/div>\n\t\t<div class=\"elementor-element elementor-element-9f61734 e-con-full e-flex e-con e-child\" data-id=\"9f61734\" data-element_type=\"container\" data-e-type=\"container\">\n\t\t\t\t<div class=\"elementor-element elementor-element-3ae6368 elementor-widget elementor-widget-text-editor\" data-id=\"3ae6368\" data-element_type=\"widget\" data-e-type=\"widget\" data-widget_type=\"text-editor.default\">\n\t\t\t\t<div class=\"elementor-widget-container\">\n\t\t\t\t\t\t\t\t\t<p>Poni\u017cej uchwa\u0142a w sprawie op\u0142at za \u017c\u0142obek<\/p><p><a href=\"https:\/\/zlobkigo.hosting24.pl\/dwojka\/wp-content\/uploads\/2025\/01\/Dziennik-urzedowy-woj.-lubuskiego-uchwala-oplaty-2025.pdf\">Dziennik urz\u0119dowy woj. lubuskiego &#8211; uchwa\u0142a op\u0142aty 2025<\/a><\/p><p>\u00a0<\/p>\t\t\t\t\t\t\t\t<\/div>\n\t\t\t\t<\/div>\n\t\t\t\t<\/div>\n\t\t\t\t\t<\/div>\n\t\t\t\t<\/div>\n\t\t\t\t<\/div>\n\t\t","protected":false},"excerpt":{"rendered":"<p>Wz\u00f3r: DRODZY RODZICE \/ OPIEKUNOWIE W zak\u0142adce OP\u0141ATY w terminie do 5-go dnia ka\u017cdego miesi\u0105ca publikujemy wysoko\u015b\u0107 op\u0142at za \u017c\u0142obek dla poszczeg\u00f3lnych grup. Ka\u017cdemu dziecku zosta\u0142 przydzielony indywidualny numer. Op\u0142aty [&hellip;]<\/p>\n","protected":false},"author":4,"featured_media":0,"parent":0,"menu_order":0,"comment_status":"closed","ping_status":"closed","template":"","meta":{"footnotes":""},"class_list":["post-2316","page","type-page","status-publish","hentry","clearfix"],"_links":{"self":[{"href":"https:\/\/zlobkigo.hosting24.pl\/dwojka\/wp-json\/wp\/v2\/pages\/2316","targetHints":{"allow":["GET"]}}],"collection":[{"href":"https:\/\/zlobkigo.hosting24.pl\/dwojka\/wp-json\/wp\/v2\/pages"}],"about":[{"href":"https:\/\/zlobkigo.hosting24.pl\/dwojka\/wp-json\/wp\/v2\/types\/page"}],"author":[{"embeddable":true,"href":"https:\/\/zlobkigo.hosting24.pl\/dwojka\/wp-json\/wp\/v2\/users\/4"}],"replies":[{"embeddable":true,"href":"https:\/\/zlobkigo.hosting24.pl\/dwojka\/wp-json\/wp\/v2\/comments?post=2316"}],"version-history":[{"count":205,"href":"https:\/\/zlobkigo.hosting24.pl\/dwojka\/wp-json\/wp\/v2\/pages\/2316\/revisions"}],"predecessor-version":[{"id":44632,"href":"https:\/\/zlobkigo.hosting24.pl\/dwojka\/wp-json\/wp\/v2\/pages\/2316\/revisions\/44632"}],"wp:attachment":[{"href":"https:\/\/zlobkigo.hosting24.pl\/dwojka\/wp-json\/wp\/v2\/media?parent=2316"}],"curies":[{"name":"wp","href":"https:\/\/api.w.org\/{rel}","templated":true}]}}