{"id":62,"date":"2016-10-26T21:25:35","date_gmt":"2016-10-26T21:25:35","guid":{"rendered":"http:\/\/www.zlobki-gorzow.pl\/dwojka\/?page_id=62"},"modified":"2025-09-22T06:30:09","modified_gmt":"2025-09-22T04:30:09","slug":"zywienie","status":"publish","type":"page","link":"https:\/\/zlobkigo.hosting24.pl\/dwojka\/o-nas\/zywienie\/","title":{"rendered":"\u017bywienie"},"content":{"rendered":"<p><strong>Bo my dbamy, aby brzuszki naszych maluszk\u00f3w by\u0142y pe\u0142ne \u2026<\/strong><br \/>Dzieci w \u017c\u0142obku maj\u0105 zapewnione cztery posi\u0142ki dziennie:<\/p>\n<ul>\n<li>\u015bniadanie;<\/li>\n<li>drugie \u015bniadanie;<\/li>\n<li>obiad;<\/li>\n<li>podwieczorek.<\/li>\n<\/ul>\n<p style=\"text-align: justify;\">Posi\u0142ki sporz\u0105dzone s\u0105 w naszej kuchni z produkt\u00f3w wysokiej jako\u015bci zakupionych u sprawdzonych dostawc\u00f3w. S\u0105 zgodne z gramatur\u0105 i normami obowi\u0105zuj\u0105cymi w \u017c\u0142obku. Staramy si\u0119, aby posi\u0142ki by\u0142y smaczne, kolorowe, urozmaicone oraz przyci\u0105gaj\u0105ce wzrok dziecka.<\/p>\n<p style=\"text-align: justify;\">Tygodniowe jad\u0142ospisy wywieszane s\u0105 na tablicy og\u0142osze\u0144\u00a0w \u017c\u0142obku.<\/p>\n<p>Zgodnie z\u00a0 Uchwa\u0142\u0105 Nr X\/172\/2024 Rady Miasta Gorzowa Wielkopolskiego z dnia 26 listopada\u00a02024\u00a0r. w sprawie ustalenia op\u0142at za pobyt i\u00a0wy\u017cywienie dziecka w\u00a0\u017c\u0142obkach miejskich (Dz. U. Wojew\u00f3dztwa Lubuskiego <br \/>z\u00a0 2024 roku, poz. 2855) dzienna wysoko\u015b\u0107 op\u0142aty za wy\u017cywienie dziecka w \u017c\u0142obku wynosi <strong>10,00 z\u0142.<\/strong><\/p>\n<p style=\"text-align: justify;\">Wykaz alergen\u00f3w obowi\u0105zuj\u0105cy w \u017b\u0142obku Miejskim Nr 2.<\/p>\n<p style=\"text-align: justify;\"><a href=\"https:\/\/www.zlobki-gorzow.pl\/dwojka\/wp-content\/uploads\/2016\/10\/Wykaz-alergen\u00f3w-\u017b\u0142obek-Miejski-Nr-2.pdf\">wykaz-alergenow-zlobek-miejski-nr-2<\/a><\/p>\n<p style=\"text-align: justify;\"><strong>Poni\u017cej prezentujemy jad\u0142ospisy dla dzieci na ca\u0142y tydzie\u0144:<\/strong><\/p>\n<p>\u00a0<\/p>\n<h3><strong>Materia\u0142y edukacyjne Nutricia Program 1000 pierwszych dni dla <\/strong><strong>zdrowia:<\/strong><\/h3>\n<p>Szanowni Pa\u0144stwo,<\/p>\n<p>Kontynuuj\u0105c w 2025 roku program edukacyjny dedykowany plac\u00f3wkom \u017c\u0142obkowym i rodzicom dzieci, udost\u0119pniamy Pa\u0144stwu link do ciekawego artyku\u0142u zamieszczonego na stronie 1000 dni <strong>\u201eKaszka na \u015bniadanie\u201d, <\/strong>autorstwa dietetyk mgr Karoliny \u0141ukaszewicz-Marsza\u0142.<\/p>\n<p>LINK: <a href=\"https:\/\/1000dni.pl\/zywienie-i-rozwoj-niemowlecia\/kaszka-na-sniadanie\">https:\/\/1000dni.pl\/zywienie-i-rozwoj-niemowlecia\/kaszka-na-sniadanie<\/a><\/p>\n<p>Z artyku\u0142u mo\u017cna dowiedzie\u0107 si\u0119 m. in:<\/p>\n<ol>\n<li><a href=\"https:\/\/1000dni.pl\/zywienie-i-rozwoj-niemowlecia\/kaszka-na-sniadanie#Czy_podawac_kaszke_na_sniadanie\">Czy podawa\u0107 kaszk\u0119 na \u015bniadanie?<\/a><\/li>\n<li><a href=\"https:\/\/1000dni.pl\/zywienie-i-rozwoj-niemowlecia\/kaszka-na-sniadanie#Jak_wybierac_produkty_zbozowe_dla_maluchow_Pamietaj_o\">Jak wybiera\u0107 produkty zbo\u017cowe dla maluch\u00f3w? Pami\u0119taj o:<\/a><\/li>\n<li><a href=\"https:\/\/1000dni.pl\/zywienie-i-rozwoj-niemowlecia\/kaszka-na-sniadanie#Czy_warto_podawac_kaszke_na_sniadanie\">Czy warto podawa\u0107 kaszk\u0119 na \u015bniadanie?<\/a><\/li>\n<li><a href=\"https:\/\/1000dni.pl\/zywienie-i-rozwoj-niemowlecia\/kaszka-na-sniadanie#Od_kiedy_kaszki_mozna_podawac_na_sniadanie\">Od kiedy kaszki mo\u017cna podawa\u0107 na \u015bniadanie?<\/a><\/li>\n<li><a href=\"https:\/\/1000dni.pl\/zywienie-i-rozwoj-niemowlecia\/kaszka-na-sniadanie#Trzy_przepisy_na_udane_sniadanie_dla_starszych_dzieci_z_wykorzystaniem_kaszki\">Trzy przepisy na udane \u015bniadanie dla starszych dzieci z wykorzystaniem kaszki:<\/a><\/li>\n<\/ol>\n<p>Serdecznie zach\u0119camy do zapoznania si\u0119 z materia\u0142em.\u00a0<\/p>\n<p>Dodatkowo, aby podkre\u015bli\u0107 zalety podawania kaszek zbo\u017cowych przeznaczonych dla niemowl\u0105t i ma\u0142ych dzieci, udost\u0119pniamy poni\u017csze por\u00f3wnanie warto\u015bci od\u017cywczych trzech rodzaj\u00f3w \u015bniada\u0144.<\/p>\n<p>Szanowni Pa\u0144stwo<\/p>\n<p>W 2024r kontynuuj\u0105c wsp\u00f3\u0142prac\u0119 w ramach programu 1000 pierwszych dni zmieniamy troch\u0119 formu\u0142\u0119 przekazywania informacji na temat \u017cywienia dzieci.<\/p>\n<p>W tym roku b\u0119dziemy udost\u0119pnia\u0107 linki to materia\u0142\u00f3w zawartych na stronie 1000 pierwszych dni.<\/p>\n<p>pa\u017adziernik 2024<\/p>\n<p>W ramach kampanii edukacyjnej \u201e1000 pierwszych dni dla zdrowia\u201d przesy\u0142am link do kolejnego artyku\u0142u zwi\u0105zanego z \u017cywieniem dzieci.<\/p>\n<p>Tym razem poruszamy tematyk\u0119 \u201eRozw\u00f3j dziecka, a zapotrzebowanie dietetyczne po 1 r.\u017c.\u201d<\/p>\n<p>Spis tre\u015bci<\/p>\n<ol>\n<li><a href=\"https:\/\/1000dni.pl\/zywienie-i-rozwoj-niemowlecia\/rozwoj-dziecka-a-zapotrzebowanie-dietetyczne-po-1-r-z#Zmieniajace_sie_potrzeby_roczniaka\">Zmieniaj\u0105ce si\u0119 potrzeby roczniaka<\/a><\/li>\n<li><a href=\"https:\/\/1000dni.pl\/zywienie-i-rozwoj-niemowlecia\/rozwoj-dziecka-a-zapotrzebowanie-dietetyczne-po-1-r-z#Wazne_skladniki_w_diecie_roczniaka\">Wa\u017cne sk\u0142adniki w diecie roczniaka<\/a><\/li>\n<li><a href=\"https:\/\/1000dni.pl\/zywienie-i-rozwoj-niemowlecia\/rozwoj-dziecka-a-zapotrzebowanie-dietetyczne-po-1-r-z#Mleko_w_tym_modyfikowane_w_diecie_Wazne_tez_po_1_rz\">Mleko (w tym modyfikowane) w diecie? Wa\u017cne te\u017c po 1 r.\u017c.!<\/a><\/li>\n<li><a href=\"https:\/\/1000dni.pl\/zywienie-i-rozwoj-niemowlecia\/rozwoj-dziecka-a-zapotrzebowanie-dietetyczne-po-1-r-z#Jak_mozemy_sie_przekonac_ze_dziecko_prawidlowo_sie_rozwija\">Jak mo\u017cemy si\u0119 przekona\u0107, \u017ce dziecko prawid\u0142owo si\u0119 rozwija?<\/a><\/li>\n<\/ol>\n<p>Artyku\u0142 przygotowany zosta\u0142 przez pediatr\u0119 Pani\u0105 <strong>Dr Ewa Mi\u015bko -W\u0105sowsk\u0105<\/strong><\/p>\n<p>Poni\u017cej lin do artyku\u0142u.<\/p>\n<p><a href=\"https:\/\/1000dni.pl\/zywienie-i-rozwoj-niemowlecia\/rozwoj-dziecka-a-zapotrzebowanie-dietetyczne-po-1-r-z\">Rozw\u00f3j dziecka a zapotrzebowanie dietetyczne po 1 r.\u017c. (1000dni.pl)<\/a><\/p>\n<p><strong>luty 2024<\/strong><\/p>\n<p>Poni\u017cej przesy\u0142amy link na temat s\u0142oiczk\u00f3w dla dzieci.<\/p>\n<p><a href=\"https:\/\/1000dni.pl\/zywienie-i-rozwoj-niemowlecia\/sloiczki-dla-dzieci-pod-lupa\">https:\/\/1000dni.pl\/zywienie-i-rozwoj-niemowlecia\/sloiczki-dla-dzieci-pod-lupa<\/a><\/p>\n<p>Artyku\u0142 opracowany przez dietetyka Fundacji Pani\u0105 Karolin\u0119 \u0141ukaszewicz- Marsza\u0142 \u201es\u0142oiczki dla dzieci pod lup\u0105\u201d<\/p>\n<p>Z artyku\u0142u dowiedzie si\u0119 Pa\u0144stwo:<\/p>\n<ol>\n<li><a href=\"https:\/\/1000dni.pl\/zywienie-i-rozwoj-niemowlecia\/sloiczki-dla-dzieci-pod-lupa#Dlaczego_siegamy_po_sloiczki\">Dlaczego si\u0119gamy po s\u0142oiczki?\u00a0<\/a><\/li>\n<li><a href=\"https:\/\/1000dni.pl\/zywienie-i-rozwoj-niemowlecia\/sloiczki-dla-dzieci-pod-lupa#Co_wyroznia_%E2%80%9Esloiczki%E2%80%9D_dla_dzieci\">Co wyr\u00f3\u017cnia \u201es\u0142oiczki\u201d dla dzieci?\u00a0\u00a0<\/a><\/li>\n<li><a href=\"https:\/\/1000dni.pl\/zywienie-i-rozwoj-niemowlecia\/sloiczki-dla-dzieci-pod-lupa#Fakty_i_mity_o_daniach_w_sloiczkach_dla_dzieci\">Fakty i mity o daniach w s\u0142oiczkach dla dzieci<\/a><\/li>\n<li><a href=\"https:\/\/1000dni.pl\/zywienie-i-rozwoj-niemowlecia\/sloiczki-dla-dzieci-pod-lupa#Kilka_slow_o_przechowywaniu_sloiczkow\">Kilka s\u0142\u00f3w o przechowywaniu s\u0142oiczk\u00f3w<\/a><\/li>\n<\/ol>\n<p><strong>stycze\u0144 2024<\/strong><\/p>\n<p>Pierwszy artyku\u0142 opracowany przez pediatr\u0119 dr Ew\u0119 Mi\u015bko W\u0105sowsk\u0105 \u201eMLEKO MODYFIKOWANE POD LUP\u0104\u201d znajd\u0105 Pa\u0144stwo pod poni\u017cszym linkiem<\/p>\n<p><a href=\"https:\/\/1000dni.pl\/dziecko-1-3-lata\/mleko-modyfikowane-pod-lupa\">https:\/\/1000dni.pl\/dziecko-1-3-lata\/mleko-modyfikowane-pod-lupa<\/a><\/p>\n<p>Z artyku\u0142u dowiedzie si\u0119 Pa\u0144stwo:<\/p>\n<ol>\n<li><a href=\"https:\/\/1000dni.pl\/dziecko-1-3-lata\/mleko-modyfikowane-pod-lupa#Czym_wlasciwie_jest_mleko_modyfikowane\">Czym w\u0142a\u015bciwie jest mleko modyfikowane?<\/a><\/li>\n<li><a href=\"https:\/\/1000dni.pl\/dziecko-1-3-lata\/mleko-modyfikowane-pod-lupa#Poczatki_mleka_modyfikowanego\">Pocz\u0105tki mleka modyfikowanego<\/a><\/li>\n<li><a href=\"https:\/\/1000dni.pl\/dziecko-1-3-lata\/mleko-modyfikowane-pod-lupa#Mleko_modyfikowane_dzis\">Mleko modyfikowane dzi\u015b<\/a><\/li>\n<li><a href=\"https:\/\/1000dni.pl\/dziecko-1-3-lata\/mleko-modyfikowane-pod-lupa#Rodzaje_mleka_modyfikowanego\">Rodzaje mleka modyfikowanego<\/a><\/li>\n<\/ol>\n<p>pa\u017adziernik\u00a0 2023<\/p>\n<p>Dzie\u0144 Dobry<\/p>\n<p>Przesy\u0142amy Pa\u0144stwu kolejny \u00a0materia\u0142 przygotowany przez dietetyka Fundacji Nutricia Karolin\u0119 \u0141ukaszewicz- Marsza\u0142 \u00a0\u00a0w ramach programu 1000 pierwszych dni dla zdrowia.<\/p>\n<p>Tym kilka s\u0142\u00f3w na temat \u017cywno\u015bci przetworzonej<\/p>\n<p>Z za\u0142\u0105czonego materia\u0142u dowiecie si\u0119 Pa\u0144stwo:<\/p>\n<p>Czym jest \u017cywno\u015b\u0107 wysokoprzetworzona<\/p>\n<p>Dlaczego te produkty nie s\u0105 odpowiednie dla dzieci<\/p>\n<p>Wskaz\u00f3wki jak wybiera\u0107 \u017cywno\u015b\u0107 dla najm\u0142odszych<\/p>\n<p>Jak znale\u017a\u0107 zamiennik \u017cywno\u015bci wysokoprzetworzonej<\/p>\n<p>Zapraszamy do lektury.<\/p>\n<p><a href=\"https:\/\/www.zlobki-gorzow.pl\/dwojka\/wp-content\/uploads\/2023\/11\/newstellet-zywnosc-przetworzona-pazdziernik-23r.pdf\">newstellet zywnosc przetworzona pazdziernik 23r<\/a><\/p>\n<p>Je\u015bli zechcecie Pa\u0144stwo udost\u0119pni\u0107 przekazane materia\u0142y rodzicom, prosz\u0119 o powo\u0142anie si\u0119 na \u017ar\u00f3d\u0142o ich pochodzenia -&gt; Fundacja Nutricia \u2013 program 1000 pierwszych dla zdrowia<\/p>\n<p>Szanowni Pa\u0144stwo!<\/p>\n<p>Kontynuuj\u0105c temat odporno\u015bci u dzieci przesy\u0142am Pa\u0144stwu kolejny materia\u0142.<\/p>\n<p>Tym razem Dietetyk Fundacji Nutricia Pani Karolina \u0141ukaszewicz Marsza\u0142 przygotowa\u0142a dla Pa\u0144stwa infografik\u0119 oraz newsletter \u201ewsparcie odporno\u015bci juniora\u201d.<\/p>\n<p>Zach\u0119camy do lektury \ud83d\ude42<\/p>\n<p><a href=\"https:\/\/www.zlobki-gorzow.pl\/dwojka\/wp-content\/uploads\/2023\/10\/4-steps.pdf\">4 steps<\/a><\/p>\n<p><a href=\"https:\/\/www.zlobki-gorzow.pl\/dwojka\/wp-content\/uploads\/2023\/10\/Newsletter-wrzesien-odpornosc-roczniaka.pdf\">Newsletter wrzesien odpornosc roczniaka<\/a><\/p>\n<p>LIPIEC 2023<\/p>\n<p>Dzie\u0144 dobry,<\/p>\n<p>W cyklu comiesi\u0119cznych newsletter\u00f3w przygotowanych przez dietetyka Fundacji Nutricia pani\u0105 Karolin\u0119 \u0141ukaszewicz-Marsza\u0142, kontynuujemy temat warzyw w diecie Juniora.<\/p>\n<p>Z materia\u0142u dowiecie si\u0119 Pa\u0144stwo jak przekona\u0107 malucha do jedzenia warzyw, jak odczarowa\u0107 warzywa.<\/p>\n<p>Pani dietetyk przygotowa\u0142a r\u00f3wnie\u017c propozycj\u0119 przepis\u00f3w na dania z warzywami i owocami.<\/p>\n<p>Mi\u0142ej lektury.<\/p>\n<p><a href=\"https:\/\/www.zlobki-gorzow.pl\/dwojka\/wp-content\/uploads\/2023\/07\/Infografika-Odczaruj-warzywa.pdf\">Infografika Odczaruj warzywa<\/a> <a href=\"https:\/\/www.zlobki-gorzow.pl\/dwojka\/wp-content\/uploads\/2023\/07\/Newsletter-zlobki-Odczaruj-warzywa.pdf\">Newsletter \u017c\u0142obki Odczaruj warzywa<\/a> <a href=\"https:\/\/www.zlobki-gorzow.pl\/dwojka\/wp-content\/uploads\/2023\/07\/Przepisy.pdf\">Przepisy<\/a><\/p>\n<p>Drodzy Rodzice !!!!<\/p>\n<p>Zapraszamy na kolejny bezp\u0142atny webinar z pediatr\u0105 dr. hab. n. med. Jaros\u0142awem Kwietniem: Wakacje z niemowlakiem \u2013 praktyczne porady dla rodzic\u00f3w.<\/p>\n<p>Podczas webinaru dowiecie si\u0119 Pa\u0144stwo m.in.:<\/p>\n<ul>\n<li>jak przygotowa\u0107 si\u0119 na podr\u00f3\u017c z dzieckiem,<\/li>\n<li>jak zapobiega\u0107 odparzeniom i radzi\u0107 sobie z wysypkami,<\/li>\n<li>jak chroni\u0107 dziecko przed kleszczami,<\/li>\n<li>czy ca\u0142kowita ochrona przed s\u0142o\u0144cem jest konieczna,<\/li>\n<li>dlaczego wakacje to dobry czas na budowanie oporno\u015bci niezb\u0119dnej jesieni\u0105.<\/li>\n<\/ul>\n<p>Zach\u0119camy Pa\u0144stwa \u00a0do zadawania pyta\u0144 naszemu ekspertowi podczas webinaru.<\/p>\n<p>Rejestracja mo\u017cliwa jest \u00a0 ju\u017c dzi\u015b : <strong>czwartek, 22 czerwca, godz. 20:00<\/strong><\/p>\n<p><strong>LINK DO REJESTRACJI<\/strong>: <a href=\"https:\/\/nutricia.clickmeeting.com\/wakacje-z-niemowlakiem-praktyczne-porady-dla-rodzicow\/register\">https:\/\/nutricia.clickmeeting.com\/wakacje-z-niemowlakiem-praktyczne-porady-dla-rodzicow\/register<\/a><\/p>\n<p><strong>maj 2023<\/strong><\/p>\n<p>Maj \u00a0\u00a0to kolejny miesi\u0105c, w kt\u00f3rym \u00a0udost\u0119pniamy Pa\u0144stwu \u00a0newsletter przygotowany przez dietetyka \u00a0Fundacji Nutricia w ramach programu 1000 pierwszych dni dla zdrowia.<\/p>\n<p>Z za\u0142\u0105czonego materia\u0142u dowiecie si\u0119 Pa\u0144stwo czym jest neofobia . Jak pracowa\u0107 z dzieckiem, kt\u00f3re odmawia posi\u0142k\u00f3w. Co je\u015bli dziecko odrzuca g\u0142\u00f3wnie zdrowe produkty?<\/p>\n<p>Zapraszam do lektury.<\/p>\n<p><a href=\"https:\/\/www.zlobki-gorzow.pl\/dwojka\/wp-content\/uploads\/2023\/05\/Jak-sobie-radzic-z-malym-niejadkiem.pdf\">Jak sobie radzi\u0107 z ma\u0142ym niejadkiem<\/a><\/p>\n<p><a href=\"https:\/\/www.zlobki-gorzow.pl\/dwojka\/wp-content\/uploads\/2023\/05\/Newsletter-zlobki-neofobia-maj-fina.pdf\">Newsletter \u017c\u0142obki neofobia maj fina<\/a><\/p>\n<p><strong>kwiecie\u0144<\/strong> <strong>2023<\/strong><\/p>\n<p>Kwiecie\u0144 \u00a0to kolejny miesi\u0105c, w kt\u00f3rym \u00a0udost\u0119pniam Pa\u0144stwu \u00a0newsletter przygotowany przez dietetyka \u00a0Fundacji Nutricia w ramach programu 1000 pierwszych dni dla zdrowia.<\/p>\n<p>Jak kwiecie\u0144 to oczywi\u015bcie \u015awi\u0119ta Wielkanocne . W za\u0142\u0105czonym materiale znajdziecie Pa\u0144stwo kilka przepis\u00f3w na potrawy \u015bwi\u0105teczne dla Maluszk\u00f3w. Informacje o tym jak podawa\u0107 jajka, jakie wybiera\u0107 w\u0119dliny, co ze s\u0142odyczami na \u015bwi\u0105tecznym stole.<\/p>\n<p>Zapraszam do lektury.<\/p>\n<p><img fetchpriority=\"high\" decoding=\"async\" src=\"https:\/\/www.zlobki-gorzow.pl\/dwojka\/wp-content\/uploads\/2023\/04\/Infografika-na-wielkanoc-1.png\" alt=\"\" width=\"1000\" height=\"2000\" \/> <a href=\"https:\/\/www.zlobki-gorzow.pl\/dwojka\/wp-content\/uploads\/2023\/04\/Przepisy-wielkanocne-1000dni-1.pdf\">Przepisy wielkanocne 1000dni (1)<\/a><\/p>\n<p>grudzie\u0144 2022:\u00a0 Kontynuuj\u0105c temat alergii u dzieci przesy\u0142am artyku\u0142 na temat alergii na bia\u0142ko mleka krowiego<\/p>\n<p>Mam nadziej\u0119, \u017ce materia\u0142 b\u0119dzie dla Pa\u0144stwa przydatny: <a href=\"https:\/\/www.zlobki-gorzow.pl\/dwojka\/wp-content\/uploads\/2022\/12\/Alergia-na-bialka-mleka-krowiego-bez-tajemnic.pdf\">Alergia na bia\u0142ka mleka krowiego bez tajemnic<\/a><\/p>\n<p>Jak co miesi\u0105c udost\u0119pniamy Pa\u0144stwu newsletter przygotowany przez Fundacj\u0119 Nutricia w ramach programu 1000 pierwszych dni dla zdrowia. W listopadzie tematem przewodnim jest s\u00f3l i cukier w diecie dziecka. Zapraszam do lektury.<\/p>\n<p><a href=\"https:\/\/www.zlobki-gorzow.pl\/dwojka\/wp-content\/uploads\/2022\/11\/Newsletter-sol-i-cukier.pdf\">Newsletter s\u00f3l i cukier<\/a> <a href=\"https:\/\/www.zlobki-gorzow.pl\/dwojka\/wp-content\/uploads\/2022\/11\/sol-i-cukier.pdf\">s\u00f3l i cukier<\/a><\/p>\n<p>Je\u015bli zechcecie Pa\u0144stwo udost\u0119pni\u0107 przekazane materia\u0142y rodzicom, prosz\u0119 o powo\u0142anie si\u0119 na \u017ar\u00f3d\u0142o ich pochodzenia -&gt; Fundacja Nutricia \u2013 program 1000 pierwszych dla zdrowia<\/p>\n<p>Jak co miesi\u0105c udost\u0119pniam Pa\u0144stwu newsletter przygotowany przez Fundacj\u0119 Nutricia w ramach programu 1000 pierwszych dni dla zdrowia.<\/p>\n<p>\u00a0We wrze\u015bniu tematem przewodnim s\u0105 PRZEK\u0104SKI W DIECIE DZIECKA \u00a0\u2013 czy ka\u017cdy maluch potrzebuje przek\u0105sek? \u00a0Co jest dobrym wyborem, a jakich przek\u0105sek unika\u0107.<\/p>\n<p><a href=\"https:\/\/zlobkigo.hosting24.pl\/dwojka\/wp-content\/uploads\/2022\/09\/infografika-wrzesien.pdf\">infografika wrzesie\u0144<\/a><\/p>\n<p><a href=\"https:\/\/zlobkigo.hosting24.pl\/dwojka\/wp-content\/uploads\/2022\/09\/Newsletter-zlobki-wrzesien-przekaski-1.pdf\">Newsletter \u017c\u0142obki wrzesie\u0144- przek\u0105ski (1)<\/a><\/p>\n<p>Jak co miesi\u0105c udost\u0119pniam Pa\u0144stwu newsletter przygotowany przez Fundacj\u0119 Nutricia w ramach programu 1000 pierwszych dni dla zdrowia.<\/p>\n<p>\u00a0W sierpniu tematem przewodnim jest GLUTEN \u2013 czym jest i co w sytuacji gdy maluch nie mo\u017ce go spo\u017cywa\u0107.<\/p>\n<p>Wyst\u0105pienie nietolerancji glutenu wi\u0105\u017ce si\u0119 z konieczno\u015bci\u0105 przygotowania odpowiedniej diety eliminacyjnej, dlatego te\u017c dietetyk Fundacji Nutricia przygotowa\u0142a przyk\u0142adowy, trzydniowy jad\u0142ospis dla dzieci z nietolerancj\u0105 glutenu. Jad\u0142ospis znajduje si\u0119 w za\u0142\u0105czniku.<\/p>\n<p>\u00a0Zapraszam do lektury.<\/p>\n<p><a href=\"https:\/\/zlobkigo.hosting24.pl\/dwojka\/wp-content\/uploads\/2022\/09\/jadlospis-bezglutenowy-sierpien.pdf\">jad\u0142ospis bezglutenowy sierpie\u0144<\/a><\/p>\n<p><a href=\"https:\/\/zlobkigo.hosting24.pl\/dwojka\/wp-content\/uploads\/2022\/09\/Newsletter-zlobki-sierpien.pdf\">Newsletter \u017c\u0142obki sierpie\u0144<\/a><\/p>\n<p>\u00a0W cyklu comiesi\u0119cznych materia\u0142\u00f3w przygotowanych przez Fundacj\u0119 Nutricia i program 1000 pierwszych dni, przesy\u0142am artyku\u0142y o w\u0119glowodanach w diecie dziecka.<\/p>\n<p>Zapraszam do lektury.<\/p>\n<p><a href=\"https:\/\/www.zlobki-gorzow.pl\/dwojka\/wp-content\/uploads\/2022\/08\/Infografika-weglowodany-lipiec.pdf\">Infografika &#8211; w\u0119glowodany lipiec<\/a> <img decoding=\"async\" src=\"https:\/\/www.zlobki-gorzow.pl\/dwojka\/wp-content\/uploads\/2022\/08\/Newsletter-zlobki-lipiec-weglowodany.png\" alt=\"\" width=\"1414\" height=\"2000\" \/><\/p>\n<p><a href=\"https:\/\/www.zlobki-gorzow.pl\/dwojka\/wp-content\/uploads\/2022\/03\/Newsletter-neofobia.pdf\">Newsletter neofobia<\/a> <a href=\"https:\/\/www.zlobki-gorzow.pl\/dwojka\/wp-content\/uploads\/2022\/03\/Artykul-neofobia.docx\">Artyku\u0142 neofobia<\/a><\/p>\n<p>Tematem przewodnim w miesi\u0105cu marcu jest Rozszerzanie diety i rola zb\u00f3\u017c w diecie dziecka.<\/p>\n<p>Dietetyk Nutricia przygotowa\u0142 dla Pa\u0144stwa w ramach programu edukacyjnego skierowanego do \u017c\u0142obk\u00f3w za\u0142\u0105czone materia\u0142y:<\/p>\n<ol>\n<li>Newsletter \u2013 Rola produkt\u00f3w zbo\u017cowych w diecie dziecka<a href=\"https:\/\/www.zlobki-gorzow.pl\/dwojka\/wp-content\/uploads\/2022\/03\/Newsletter-Rola-produktow-zbozowych-w-diecie-dziecka.pdf\">Newsletter Rola produkt\u00f3w zbo\u017cowych w diecie dziecka<\/a><\/li>\n<\/ol>\n<p>W cyklu comiesi\u0119cznych artyku\u0142\u00f3w przygotowanych przez Fundacj\u0119 Nutricia i Program 1000 Pierwszych dni dla zdrowia, przesy\u0142am materia\u0142y na temat tego jak prawid\u0142owo nawadnia\u0107 dzieci. <\/p>\n<p>SOKI, WODA CZY MLEKO? CO PODAWA\u0106 NAJM\u0141ODSZYM DO PICIA?<\/p>\n<p><img decoding=\"async\" src=\"https:\/\/www.zlobki-gorzow.pl\/dwojka\/wp-content\/uploads\/2022\/05\/Newsletter-MAJ-Soki.png\" alt=\"\" width=\"1414\" height=\"2000\" \/> <a href=\"https:\/\/www.zlobki-gorzow.pl\/dwojka\/wp-content\/uploads\/2022\/05\/infografika-nawodnienie-dzieci-maj.pdf\">infografika nawodnienie dzieci maj<\/a><\/p>\n<p>Dzie\u0144 dobry,<\/p>\n<p>W cyklu comiesi\u0119cznych artyku\u0142\u00f3w przygotowanych przez Fundacj\u0119 Nutricia i Program 1000 Pierwszych dni dla zdrowia, przesy\u0142am materia\u0142y na temat roli mleka w diecie po 1 roku \u017cycia<\/p>\n<p>\u00a0Zapraszam do lektury ( \u017ar\u00f3d\u0142o pochodzenia -&gt; Fundacja Nutricia 1000 Pierwszych dni)<\/p>\n<p><a href=\"https:\/\/www.zlobki-gorzow.pl\/dwojka\/wp-content\/uploads\/2022\/07\/infografikaa-czerwiec.pdf\">infografikaa czerwiec<\/a> <img loading=\"lazy\" decoding=\"async\" src=\"https:\/\/www.zlobki-gorzow.pl\/dwojka\/wp-content\/uploads\/2022\/07\/newsletter-zlobki-czerwiec.png\" alt=\"\" width=\"1414\" height=\"2000\" \/><\/p>\n<p>\u00a0<\/p>\n","protected":false},"excerpt":{"rendered":"<p>Bo my dbamy, aby brzuszki naszych maluszk\u00f3w by\u0142y pe\u0142ne \u2026Dzieci w \u017c\u0142obku maj\u0105 zapewnione cztery posi\u0142ki dziennie: \u015bniadanie; drugie \u015bniadanie; obiad; podwieczorek. Posi\u0142ki sporz\u0105dzone s\u0105 w naszej kuchni z produkt\u00f3w [&hellip;]<\/p>\n","protected":false},"author":4,"featured_media":0,"parent":12,"menu_order":2,"comment_status":"closed","ping_status":"closed","template":"","meta":{"footnotes":""},"class_list":["post-62","page","type-page","status-publish","hentry","clearfix"],"_links":{"self":[{"href":"https:\/\/zlobkigo.hosting24.pl\/dwojka\/wp-json\/wp\/v2\/pages\/62","targetHints":{"allow":["GET"]}}],"collection":[{"href":"https:\/\/zlobkigo.hosting24.pl\/dwojka\/wp-json\/wp\/v2\/pages"}],"about":[{"href":"https:\/\/zlobkigo.hosting24.pl\/dwojka\/wp-json\/wp\/v2\/types\/page"}],"author":[{"embeddable":true,"href":"https:\/\/zlobkigo.hosting24.pl\/dwojka\/wp-json\/wp\/v2\/users\/4"}],"replies":[{"embeddable":true,"href":"https:\/\/zlobkigo.hosting24.pl\/dwojka\/wp-json\/wp\/v2\/comments?post=62"}],"version-history":[{"count":49,"href":"https:\/\/zlobkigo.hosting24.pl\/dwojka\/wp-json\/wp\/v2\/pages\/62\/revisions"}],"predecessor-version":[{"id":42673,"href":"https:\/\/zlobkigo.hosting24.pl\/dwojka\/wp-json\/wp\/v2\/pages\/62\/revisions\/42673"}],"up":[{"embeddable":true,"href":"https:\/\/zlobkigo.hosting24.pl\/dwojka\/wp-json\/wp\/v2\/pages\/12"}],"wp:attachment":[{"href":"https:\/\/zlobkigo.hosting24.pl\/dwojka\/wp-json\/wp\/v2\/media?parent=62"}],"curies":[{"name":"wp","href":"https:\/\/api.w.org\/{rel}","templated":true}]}}