{"id":853,"date":"2017-02-04T20:26:33","date_gmt":"2017-02-04T20:26:33","guid":{"rendered":"http:\/\/www.zlobki-gorzow.pl\/dwojka\/?page_id=853"},"modified":"2024-10-03T13:50:24","modified_gmt":"2024-10-03T11:50:24","slug":"przygotuj-dziecko-do-zlobka","status":"publish","type":"page","link":"https:\/\/zlobkigo.hosting24.pl\/dwojka\/porady-dla-rodzicow\/przygotuj-dziecko-do-zlobka\/","title":{"rendered":"Przygotuj dziecko do \u017c\u0142obka"},"content":{"rendered":"\t\t<div data-elementor-type=\"wp-page\" data-elementor-id=\"853\" class=\"elementor elementor-853\" data-elementor-post-type=\"page\">\n\t\t\t\t<div class=\"elementor-element elementor-element-305efce0 e-flex e-con-boxed e-con e-parent\" data-id=\"305efce0\" data-element_type=\"container\" data-e-type=\"container\">\n\t\t\t\t\t<div class=\"e-con-inner\">\n\t\t\t\t<div class=\"elementor-element elementor-element-10a7a11e elementor-widget elementor-widget-text-editor\" data-id=\"10a7a11e\" data-element_type=\"widget\" data-e-type=\"widget\" data-widget_type=\"text-editor.default\">\n\t\t\t\t<div class=\"elementor-widget-container\">\n\t\t\t\t\t\t\t\t\t<p><strong>Przygotuj dziecko do \u017c\u0142obka<\/strong><\/p><p>Decyzja zapisania dziecka do \u017c\u0142obka jest dla ka\u017cdego rodzica bardzo trudna. Powinien on dok\u0142adnie przemy\u015ble\u0107, zastanowi\u0107 si\u0119 czy maluch jest gotowy na roz\u0142\u0105k\u0119 z najbli\u017cszymi. Aby u\u0142atwi\u0107 dziecku oraz sobie podj\u0119cie tej decyzji, wa\u017cne jest aby przygotowa\u0107 odpowiednio malucha na ogromn\u0105 zmian\u0119 jaka go czeka. Miesi\u0105ce wakacyjne s\u0105 odpowiednim czasem na nauk\u0119 samodzielno\u015bci, samoobs\u0142ugi, gotowo\u015bci spo\u0142ecznej i emocjonalne, po to, aby zmniejszy\u0107 stres, napi\u0119cie, kt\u00f3re pojawi si\u0119 w pierwszych tygodniach ucz\u0119szczania do \u017c\u0142obka.<\/p><p><strong><u>\u00a0Oddzia\u0142 I \u2013 Raczki<\/u><\/strong><\/p><ol><li><strong> Wprowadzaj mleko zast\u0119pcze i kasz\u0119<\/strong><\/li><\/ol><p>Bardzo wa\u017cne jest aby najm\u0142odszym dzieciom (20 tydzie\u0144 \u017cycia) wprowadza\u0107 mleko zast\u0119pcze, modyfikowane lub kaszki. Dziecko, kt\u00f3re zaczyna ucz\u0119szcza\u0107 do \u017c\u0142obka musi dodatkowo spo\u017cywa\u0107 mleko inne ni\u017c mleko matki. Aby prawid\u0142owo zaspokaja\u0107 potrzeb\u0119 g\u0142odu.<\/p><ol start=\"2\"><li><strong> Ucz dziecko samodzielno\u015bci w jedzeniu i piciu<\/strong><\/li><\/ol><p>Od najwcze\u015bniejszych miesi\u0119cy \u017cycia (12 miesi\u0105c \u017cycia), ucz w\u0142asne dziecko samodzielno\u015bci w jedzeniu i piciu. Bardzo wa\u017cne jest, aby maluch kt\u00f3ry p\u00f3jdzie do \u017c\u0142obka potrafi\u0142 samodzielnie pos\u0142ugiwa\u0107 si\u0119 \u0142y\u017ck\u0105 i pi\u0142 z kubka. Dzieci po 1 roku \u017cycia nie pij\u0105 ju\u017c mleka modyfikowanego ani kasz mleczno-ry\u017cowych, s\u0105 przyuczane do mleka krowiego (je\u015bli nie wyklucza tego dieta) zup mlecznych oraz kanapeczek. Ucz dziecko picia \u0142y\u017ceczk\u0105 z kubeczka, postaraj si\u0119 ograniczy\u0107 picie z butelki przez smoczek.<\/p><ol start=\"3\"><li><strong> Ucz gry\u017a\u0107 oraz prze\u017cuwa\u0107 sta\u0142e pokarmy<\/strong><\/li><\/ol><p>Je\u015bli do tej pory dziecko jad\u0142o tylko miksowane zupki i przecierki, najwy\u017cszy czas aby wprowadza\u0107 pokarmy, kt\u00f3re zacznie gry\u017a\u0107.<\/p><p>Dobrze jest wprowadza\u0107 r\u00f3wnie\u017c nowe potrawy oraz smaki, dzieci, kt\u00f3re do tej pory nie jad\u0142y \u201eczego\u015b\u201d w domu, nie zechc\u0105 spr\u00f3bowa\u0107 tego w \u017c\u0142obku od razu uznaj\u0105 to za niesmaczne lub niezjadliwe.<\/p><ol start=\"4\"><li><strong> Oduczaj od trzymania na r\u0105czkach<\/strong><\/li><\/ol><p>Dzieci po 1 roku \u017cycia nabieraj\u0105 sprawno\u015bci ruchowej, zaczynaj\u0105 pionizowa\u0107 postaw\u0119 cia\u0142a, stawia\u0107 pierwsze kroki. W \u017c\u0142obku maj\u0105 du\u017c\u0105 przestrze\u0144 do swobodnego raczkowania, pe\u0142zania, chodzenia, biegania. Zach\u0119camy dzieci do ekspresji ruchowej, kt\u00f3ra stymuluje rozw\u00f3j motoryki du\u017cej. Bawimy si\u0119 na dywanie zabawkami interakcyjnymi. Dziecko, kt\u00f3re nauczone jest ci\u0105g\u0142ego noszenia na r\u0105czkach w \u015bcis\u0142ej blisko\u015bci z mam\u0105, ma du\u017ce trudno\u015bci w pokonaniu l\u0119ku i strachu zwi\u0105zanego z zabaw\u0105 w\u015br\u00f3d innych dzieci na dywanie.<\/p><ol start=\"5\"><li><strong> Oduczaj zasypiania na r\u0119kach<\/strong><\/li><\/ol><p>Przyzwyczaj dziecko do zasypiania w bujaczku, w\u00f3zku lub \u0142\u00f3\u017ceczku. W \u017c\u0142obku dzieci le\u017cakuj\u0105 o odpowiedniej porze dnia, ka\u017cde z nich ma sw\u00f3j le\u017caczek lub \u0142\u00f3\u017ceczko. Dzieci m\u0142odsze \u015bpi\u0105 w w\u00f3zkach lub bujaczkach. Bardzo trudno jest im zasn\u0105\u0107 je\u015bli w domu usypiaj\u0105 na r\u0119kach mamy lub taty, albo z rodzicami w jednym \u0142\u00f3\u017cku.<\/p><p><strong><u>Oddzia\u0142 II \u2013 Motylki, Oddzia\u0142 III &#8211; Radosne Misie, Oddzia\u0142 IV \u2013 Weso\u0142e Skrzaty <\/u><\/strong><\/p><ol><li><strong> Ucz dziecko samodzielnego jedzenia<\/strong><\/li><\/ol><p>Przyzwyczajaj dziecko do spo\u017cywania posi\u0142k\u00f3w przy wsp\u00f3lnym stole. W \u017c\u0142obku b\u0119dzie siedzia\u0142o przy jednym stoliku z innymi dzie\u0107mi. Ucz samodzielnego jedzenia &#8211; nie wyr\u0119czaj w pos\u0142ugiwaniu si\u0119 \u0142y\u017ck\u0105. Na pocz\u0105tku zapewne b\u0119dzie mia\u0142o trudno\u015bci w utrzymaniu \u0142y\u017cki, b\u0119dzie si\u0119 brudzi\u0142o, rozlewa\u0142o zup\u0119, miej jednak cierpliwo\u015b\u0107 i u\u017cywaj \u015bliniak\u00f3w. W \u017c\u0142obku na pewno zostanie przebierane, je\u017celi si\u0119 pobrudzi.<\/p><ol start=\"2\"><li><strong> Naucz pi\u0107 z kubeczka<\/strong><\/li><\/ol><p>Dzieci, kt\u00f3re ucz\u0119szczaj\u0105 do \u017c\u0142obka musz\u0105 umie\u0107 pi\u0107 z kubeczka lub szklanki.<\/p><ol start=\"3\"><li><strong> Oduczaj od spania z rodzicami<\/strong><\/li><\/ol><p>Oduczaj swojego malucha od zasypiania z rodzicami w jednym \u0142\u00f3\u017cku, w \u017c\u0142obku dzieci \u015bpi\u0105 na le\u017caczkach, maluch b\u0119dzie mia\u0142 ogromne trudno\u015bci z za\u015bni\u0119ciem je\u015bli w domu dotychczas zasypia\u0142 tylko w obecno\u015bci rodzic\u00f3w.<\/p><ol start=\"4\"><li><strong> Ucz sygnalizowania potrzeb fizjologicznych<\/strong><\/li><\/ol><p>W miar\u0119 mo\u017cliwo\u015bci rozwojowych przyuczaj dziecko do sygnalizowania potrzeb fizjologicznych, siadania na nocniczku kilka razy dziennie. Na pocz\u0105tku osi\u0105gni\u0119ciem jest samo siedzenie przez kilka chwil, dopiero potem kojarzenie potrzeby fizjologicznej z nocnikowaniem.<br \/>Dzieci, kt\u00f3re zbli\u017caj\u0105 si\u0119 do 3 roku \u017cycia s\u0105 rozwojowo gotowe na odrzucenie pieluchy i sygnalizowanie potrzeb fizjologicznych r\u00f3wnie\u017c w nocy.<\/p><ol start=\"5\"><li><strong> Naucz dziecko komunikowania swoich potrzeb np. proszenia o dok\u0142adk\u0119<\/strong><\/li><\/ol><p>Rodzice oraz najbli\u017csi dziecka rozumiej\u0105 jego gesty, mimik\u0119, specyficzne s\u0142owa, nazewnictwo czynno\u015bci, na\u015bladowanie potrzeb, w \u017c\u0142obku ten spos\u00f3b komunikacji nie b\u0119dzie zrozumia\u0142y. Musi up\u0142yn\u0105\u0107 sporo czasu zanim Panie poznaj\u0105 dzieci. Dlatego przyuczaj dziecko do m\u00f3wienia o swoich potrzebach j\u0119zykiem komunikacyjnym, zrozumia\u0142ym \u2013 nie na migi.<\/p><ol start=\"6\"><li><strong> Ucz dziecko koncentracji oraz zabawy<\/strong><\/li><\/ol><p>Po\u015bwi\u0119caj dziecku czas na konkretn\u0105 zabaw\u0119 w ci\u0105gu dnia. Ucz budowania z klock\u00f3w, przegl\u0105dania ksi\u0105\u017ceczek, omawiania obrazk\u00f3w i postaci z bajek. Baw si\u0119 w zabawy manipulacyjne, uk\u0142adaj puzzle i uk\u0142adanki. Wymy\u015blaj zabawy plastyczne przy stoliku, kt\u00f3re tworz\u0105 konkretne dzie\u0142o. W ten spos\u00f3b uczysz dziecko koncentracji uwagi, wyd\u0142u\u017casz mo\u017cliwo\u015b\u0107 spokojnego wykonywania czynno\u015bci, dotrwania do zako\u0144czenia zabawy. Doro\u015bli powinni uczy\u0107 dziecko bardziej z\u0142o\u017conych zabaw opartych na wsp\u00f3lnej rado\u015bci i zadowoleniu.<\/p><ol start=\"7\"><li><strong> Zapewnij kontakt z r\u00f3wie\u015bnikami i innymi dzie\u0107mi (uspo\u0142eczniaj)<\/strong><\/li><\/ol><p>Pomy\u015bl o tym, aby Twoje dziecko mia\u0142o przed p\u00f3j\u015bciem do \u017c\u0142obka kontakt z innymi r\u00f3wie\u015bnikami, korzystaj ze wsp\u00f3lnego placu zabaw, parku, k\u0105cik\u00f3w dla dzieci. Pomocne b\u0119dzie zapraszanie rodziny, znajomych, przyjaci\u00f3\u0142 do domu, lub organizowanie wsp\u00f3lnych wyj\u015b\u0107 z dzie\u0107mi np. na piknik czy do lasu. Maluch b\u0119dzie m\u00f3g\u0142 spotka\u0107 si\u0119 z innymi dzie\u0107mi i nauczy\u0107 z nimi wsp\u00f3\u0142dzia\u0142a\u0107. Spostrze\u017ce, \u017ce w grupie licz\u0105 si\u0119 nie tylko jego potrzeby ale te\u017c innych, pozna zasady i regu\u0142y bycia w grupie. Te do\u015bwiadczenia b\u0119d\u0105 bardzo pomocne gdy znajdzie si\u0119 w licznej grupie \u017c\u0142obkowej. Dzieci, kt\u00f3re nie mia\u0142y wcze\u015bniej zbyt wielu kontakt\u00f3w w r\u00f3wie\u015bnikami w sali zabaw s\u0105 l\u0119kliwe, izoluj\u0105 si\u0119 stoj\u0105c na uboczu, boj\u0105 si\u0119 szumu, ha\u0142asu, nie potrafi\u0105 skupi\u0107 si\u0119 na zabawie ani przebywa\u0107 z innymi.<\/p><ol start=\"8\"><li><strong> Przygotuj na roz\u0142\u0105k\u0119 z mam\u0105 &#8211; zostawiaj pod opiek\u0105 innych<\/strong><\/li><\/ol><p>Zadbaj o to, aby Tw\u00f3j maluch przed p\u00f3j\u015bciem do \u017c\u0142obka zostawa\u0142 na kilka chwil pod opiek\u0105 innych, zaufanych os\u00f3b. Powoli przyzwyczaja\u0142, \u017ce bez mamy i taty te\u017c mo\u017cna si\u0119 dobrze czu\u0107 i wspaniale bawi\u0107. Pozostawanie pod opiek\u0105 mniej znanych os\u00f3b sprzyja p\u00f3\u017aniejszej adaptacji do \u017c\u0142obka. T\u0142umacz swojemu szkrabowi, \u017ce b\u0119dzie na jaki\u015b okres dnia rozstawa\u0142 si\u0119 z Tob\u0105 i wtedy przebywa\u0142 z innymi dzie\u0107mi, z kt\u00f3rymi b\u0119dzie si\u0119 bawi\u0142.<\/p><p><strong>Wskaz\u00f3wki, kt\u00f3re pomog\u0105 rodzicom oraz dzieciom przetrwa\u0107 najtrudniejsze chwile w \u017c\u0142obku:<\/strong><\/p><ul><li>\u00a0Je\u015bli dziecko ucz\u0119szcza\u0142o wcze\u015bniej do \u017c\u0142obka, wyt\u0142umacz mu, \u017ce po okresie przerwy wr\u00f3ci do niego. Przypominaj mu mi\u0142e momenty, chwal za to, jak dobrze sobie radzi\u0142. Przygotuj je na to, \u017ce teraz b\u0119dzie w innej, starszej grupie, \u017ce b\u0119d\u0105 nowe Panie i nowe zabawy.<\/li><li>\u00a0Wyt\u0142umacz dziecku dlaczego musi ucz\u0119szcza\u0107 do \u017c\u0142obka, podaj prawdziwe powody \u2013 nie ok\u0142amuj go ani nie unikaj odpowiedzi.<\/li><li>\u00a0Nie lekcewa\u017c obaw dziecka, niech ma mo\u017cliwo\u015b\u0107 opowiedzenia o swoich l\u0119kach.<\/li><li>\u00a0Czytaj dziecku ksi\u0105\u017ceczki o podobnej tematyce \u2013 dziecka, kt\u00f3re idzie po raz pierwszy do \u017c\u0142obka lub mierz\u0105cego si\u0119 z podobn\u0105, trudn\u0105 sytuacj\u0105 . Mo\u017cesz r\u00f3wnie\u017c u\u0142o\u017cy\u0107 samodzielnie tak\u0105 historyjk\u0119 z wykorzystaniem ulubionego bohatera swojego dziecka. Je\u017celi dziecko b\u0119dzie mog\u0142o razem z ulubion\u0105 postaci\u0105 prze\u017cywa\u0107 podobne problemy, \u0142atwiej b\u0119dzie mu pokona\u0107 trudno\u015bci z tym zwi\u0105zane.<\/li><li>\u00a0Je\u015bli istnieje taka mo\u017cliwo\u015b\u0107 odwied\u017a plac\u00f3wk\u0119 razem z dzieckiem, pobawcie si\u0119 razem, zapoznajcie si\u0119 z opiekunkami, zobaczcie gdzie s\u0105 sale, toalety itp.<\/li><li>\u00a0Nie u\u017cywaj sformu\u0142owa\u0144 typu \u201eJak p\u00f3jdziesz do \u017c\u0142obka to b\u0119dziesz jad\u0142 wszystko!\u201d, \u201eTam nie b\u0119dziesz tak rozrabia\u0142\u201d\u00a0 itp. Pog\u0142\u0119bia to niech\u0119\u0107 dziecka do nowego miejsca. Staraj si\u0119 przedstawi\u0107 mu \u017c\u0142obek w pozytywnym \u015bwietle, jako przyjazne miejsce, w kt\u00f3ry pozna nowe Panie, dzieci i zabawy.<\/li><li>\u00a0Nie pozwalaj, aby kto\u015b inny straszy\u0142 dziecko \u017c\u0142obkiem lub wyrabia\u0142 w nim negatywne nastawienie, np. m\u00f3wi\u0105c \u201eB\u0105d\u017a grzeczny, bo p\u00f3jdziesz do \u017c\u0142obka\u201d, \u201eMama Ci\u0119 odda\u0142a do \u017c\u0142obka bo si\u0119 \u017ale zachowujesz\u201d.<\/li><li>\u00a0Je\u017celi dziecko przejawia w domu jakie\u015b trudne zachowania lub ma specyficzne przyzwyczajenia, poinformuj o tym personel \u017c\u0142obka.<\/li><li>\u00a0W obecno\u015bci dziecka nie krytykuj \u017c\u0142obka ani personelu. Podwa\u017casz bowiem jego zaufanie do miejsca i niszczysz autorytet opiekunek.<\/li><li>\u00a0Zachowaj konsekwencj\u0119 w wysy\u0142aniu dziecka do \u017c\u0142obka, mimo pocz\u0105tkowych negatywnych reakcji, nieraz bardzo intensywnych.<\/li><li>\u00a0Istotne jest tak\u017ce, by\u015b na moment pos\u0142ania dziecka do \u017c\u0142obka nie planowa\u0142\/a innych, wa\u017cnych zmian w jego \u017cyciu. Mo\u017ce to bowiem powodowa\u0107 dodatkowe l\u0119ki i negatywne reakcje.<\/li><li>\u00a0Po powrocie do domu pozw\u00f3l dziecku odreagowa\u0107, opowiedzie\u0107 co si\u0119 wydarzy\u0142o w \u017c\u0142obku. B\u0105d\u017a cierpliwy i wyrozumia\u0142y. Po\u015bwi\u0119\u0107 mu sw\u00f3j czas i uwag\u0119, pobaw si\u0119 z nim, zabierz na spacer, poczytaj ksi\u0105\u017ck\u0119 i postaraj si\u0119, aby mia\u0142o mo\u017cliwo\u015b\u0107 wyciszy\u0107 si\u0119 przed snem.<\/li><li>\u00a0Nie wynagradzaj dziecku pobytu w \u017c\u0142obku kupowaniem zabawek, s\u0142odyczy czy pozwalaniem na wszystko.<\/li><li>\u00a0Nagradzaj za pozytywne zachowania.<\/li><li>\u00a0Nigdy nie zapominaj, \u017ce \u017c\u0142obek uczestniczy w wychowaniu Twojego dziecka, ale nie przejmuje za nie pe\u0142ni odpowiedzialno\u015bci. To rodzic jest g\u0142\u00f3wnym wychowawc\u0105. Wa\u017cne jest by wdra\u017ca\u0107 dziecko w domu w jasno okre\u015blone regu\u0142y i zasady, wtedy odnalezienie si\u0119 w funkcjonowaniu \u017c\u0142obka b\u0119dzie dla niego \u0142atwiejsze.<\/li><li>\u00a0Pami\u0119taj, \u017ce ka\u017cde dziecko jest inne i nie nale\u017cy go por\u00f3wnywa\u0107 z r\u00f3wie\u015bnikami. Stawiaj mu za wz\u00f3r zachowania innych dzieci, kt\u00f3re uwa\u017casz za prawid\u0142owe, ale w taki spos\u00f3b, by dziecko nie poczu\u0142o si\u0119 gorsze i krytykowane za to, jakie jest.<\/li><\/ul>\t\t\t\t\t\t\t\t<\/div>\n\t\t\t\t<\/div>\n\t\t\t\t\t<\/div>\n\t\t\t\t<\/div>\n\t\t\t\t<\/div>\n\t\t","protected":false},"excerpt":{"rendered":"<p>Przygotuj dziecko do \u017c\u0142obka Decyzja zapisania dziecka do \u017c\u0142obka jest dla ka\u017cdego rodzica bardzo trudna. Powinien on dok\u0142adnie przemy\u015ble\u0107, zastanowi\u0107 si\u0119 czy maluch jest gotowy na roz\u0142\u0105k\u0119 z najbli\u017cszymi. Aby [&hellip;]<\/p>\n","protected":false},"author":4,"featured_media":0,"parent":844,"menu_order":1,"comment_status":"closed","ping_status":"closed","template":"","meta":{"footnotes":""},"class_list":["post-853","page","type-page","status-publish","hentry","clearfix"],"_links":{"self":[{"href":"https:\/\/zlobkigo.hosting24.pl\/dwojka\/wp-json\/wp\/v2\/pages\/853","targetHints":{"allow":["GET"]}}],"collection":[{"href":"https:\/\/zlobkigo.hosting24.pl\/dwojka\/wp-json\/wp\/v2\/pages"}],"about":[{"href":"https:\/\/zlobkigo.hosting24.pl\/dwojka\/wp-json\/wp\/v2\/types\/page"}],"author":[{"embeddable":true,"href":"https:\/\/zlobkigo.hosting24.pl\/dwojka\/wp-json\/wp\/v2\/users\/4"}],"replies":[{"embeddable":true,"href":"https:\/\/zlobkigo.hosting24.pl\/dwojka\/wp-json\/wp\/v2\/comments?post=853"}],"version-history":[{"count":6,"href":"https:\/\/zlobkigo.hosting24.pl\/dwojka\/wp-json\/wp\/v2\/pages\/853\/revisions"}],"predecessor-version":[{"id":39083,"href":"https:\/\/zlobkigo.hosting24.pl\/dwojka\/wp-json\/wp\/v2\/pages\/853\/revisions\/39083"}],"up":[{"embeddable":true,"href":"https:\/\/zlobkigo.hosting24.pl\/dwojka\/wp-json\/wp\/v2\/pages\/844"}],"wp:attachment":[{"href":"https:\/\/zlobkigo.hosting24.pl\/dwojka\/wp-json\/wp\/v2\/media?parent=853"}],"curies":[{"name":"wp","href":"https:\/\/api.w.org\/{rel}","templated":true}]}}